 - 14. Let r be 594/(-2)*h/(-6). Let l = r + 89. Is l a composite number?
True
Let d = -13530 - -24171. Is d a prime number?
False
Let z(u) = u**3 + 5*u**2 + 3*u + 5. Let s be z(-5). Let t be (-6)/s - 127230/(-75). Let k = -1144 + t. Is k a prime number?
False
Let a(w) = 860*w**2 + 4*w + 13. Is a(-3) a composite number?
False
Let x = 53482 - 32043. Is x prime?
False
Let s = 5419 - 3637. Suppose -t + s = -577. Is t composite?
True
Let s be 5*1*(0 + -3). Let p be -10*6/s*1. Suppose r - 33 - 18 = -p*i, 5*i = 4*r - 288. Is r a prime number?
True
Let q(j) = j**2 - 7*j + 5. Let i be q(7). Suppose 0 = -i*r + 5*v + 1430, 2*r - r - 271 = 4*v. Suppose -2*m = m - r. Is m composite?
False
Let d(y) = 32*y**2 + 32*y - 161. Is d(10) prime?
True
Suppose -410173 = -40*j + 778507. Is j a prime number?
True
Suppose -10 = 11*h - 32. Let a(s) = 0*s**2 + 4 - 5 + s**2 + 41*s**3. Is a(h) prime?
True
Let c = -2588 - -6250. Is c prime?
False
Suppose -2*y + 6*y - 16 = 0. Suppose -3*k + f + 264 = 0, -27 = -k + y*f + 50. Suppose r = -0 + k. Is r prime?
True
Let s = -1 - 19. Is -34*(s - 3) - -5 composite?
False
Suppose -2*v + 6 = -5*v, 2*z - 14 = 2*v. Suppose 0 = -z*m + 5*b + 7415, 6*m - 2*b = m + 7418. Suppose -q - m = -5*q. Is q a composite number?
True
Let s(v) = -v**3 + 13*v**2 - 14*v + 2. Let j be s(12). Is 44/242 - 7278/j prime?
True
Let v(s) = 47*s + 12. Let d be v(8). Suppose -36*a + d = -32*a. Is a a prime number?
True
Suppose -i + 0*i = 3*x - 836, 2468 = 3*i - x. Is (-14)/8 + 2 - i/(-32) prime?
False
Let b(m) = -5*m**2 - 3*m - 18. Let o be b(-9). Let z = -185 - o. Is z prime?
True
Suppose 0*y = -5*y. Suppose y = -5*g - 5*d + 3170, g - 608 - 28 = d. Is g composite?
True
Suppose 0 = -5*o - 5*q + 10, 2*o - 3*q - 2*q = 18. Suppose 4*x - o = 4*b, 2*x = 3*b + 2 + 1. Suppose -4*w + 564 = -x*w. Is w prime?
False
Let p be 4/(-10) + (-8141)/35. Let q be (2/(-4))/(3/(-216)). Let n = q - p. Is n prime?
True
Is 23*((126 - -7) + -6) prime?
False
Let x = 938 + -298. Suppose 0 = -5*w + 4*b - 5*b + 1617, 3*b = 2*w - x. Is w a prime number?
False
Let a(l) = 2*l + 2*l - 5*l - 2. Is a(-8) a composite number?
True
Let a(j) = -6*j**2 + 10. Let w be a(-7). Let o be w*(1 + 1/4). Is 4/14 + o/(-7) composite?
True
Let m(j) be the third derivative of 169*j**4/12 - 43*j**3/6 + 43*j**2. Is m(9) composite?
False
Let b = -12099 + 27788. Is b a prime number?
False
Suppose -x - 2*n = 2*n - 8, -5*x + 4 = 2*n. Let a = -30 - -49. Suppose -5*p + a + 1036 = x. Is p a prime number?
True
Let n = 3669 - 1520. Is n composite?
True
Let j(p) = 3*p - 2 + 1 + 8 + 4. Let f be j(-7). Let d(a) = -6*a - 25. Is d(f) a composite number?
True
Suppose 4*q + 3947 = 3*o, 0*o = -2*o + 5*q + 2636. Is o prime?
False
Let t = 51 - 57. Is (2174/4)/(-6 - 39/t) prime?
True
Suppose 6339 = u + 2*a, 0 = -u - 0*a + a + 6354. Is u composite?
True
Suppose 3*s = 14 - 2. Is (-2)/(2024/508 - s) a composite number?
False
Let u(v) = -7 - 3*v**3 - 6*v**2 - 3*v**2 - 12*v - 4*v**2 + 2*v**3. Is u(-15) composite?
True
Let a(v) = -3*v**3 - 13*v**2 + 21*v + 21. Is a(-10) prime?
True
Suppose -4*q - 15 = q, 0 = -2*n + 4*q + 24. Suppose n*u - 2*u - 1796 = 0. Is u prime?
True
Suppose 18*r - 9424 = 2*r. Is r prime?
False
Let o = 535 + -219. Let l = 176 + -343. Let r = o + l. Is r a composite number?
False
Is (18/(-4) + 5)*44466/3 composite?
False
Let v(l) = 4630*l**2 + 5*l - 5. Let b be v(2). Suppose 0 = 2*i + r - 18529, 5*r - b = -i - i. Is (-2)/(-7) - i/(-35) prime?
False
Let k(f) = -9*f + 4 - 15*f + f. Let a be (-84)/15 + (-6)/(-10). Is k(a) a composite number?
True
Is -3194*((-114)/12 - 6)*1 composite?
True
Suppose 0 = -12*w + 68 - 8. Suppose -f = 3*c - 4664, -5*f + 10*f - 7770 = -w*c. Is c composite?
True
Let a(k) = -6*k + 5. Let p be a(1). Let h(r) = 520*r**2 - r. Is h(p) composite?
False
Let n(i) = i**2 + 8*i - 1. Let o be n(-8). Is (-223)/3*(o + -2) a composite number?
False
Let t be (-1165)/3 + 36/27. Let m = 598 + t. Is m a composite number?
False
Let y(n) = n**3 - 21*n**2 - 14*n + 10. Let u be y(13). Is (12/(-32)*-2)/((-3)/u) composite?
True
Let d be -1 + 20 - (-4)/(-4). Let m = d - 10. Let u(j) = j + 11. Is u(m) composite?
False
Let s be 2/4*(2 - 2). Suppose s = -6*j + 2*j + 2260. Is j a composite number?
True
Let d(h) = 281*h + 1. Let j be d(3). Suppose 4*a - 3*r + 4*r = -j, -a - 192 = 5*r. Is 1/(2/a*-2) a composite number?
False
Let h(b) = 3*b + 18. Let m be h(-19). Let v be 1 - (12 + -1)/(-1). Let y = v - m. Is y prime?
False
Let y(q) = 27*q**2 - q. Let b be y(-1). Let s = 57 + b. Is s a prime number?
False
Let a(x) = -3*x**2 - 7*x - 3. Let d be a(-3). Is (703/3)/((-3)/d) composite?
True
Suppose -5*o + 2*o - 204 = 3*y, 25 = 5*y. Let n = 1910 + o. Is n composite?
True
Let l = 64 + -61. Suppose w - 2*w + 1011 = x, -l*x = -3*w - 3009. Is x composite?
True
Let f(n) be the third derivative of 3*n**6/20 + n**5/60 + 13*n**4/24 - 7*n**3/6 - 25*n**2. Is f(5) a prime number?
True
Let j(z) = 9*z**3 - 6*z**2 + 33*z - 39. Let x(d) = 4*d**3 - 3*d**2 + 17*d - 19. Let k(s) = -2*j(s) + 5*x(s). Is k(8) a composite number?
False
Suppose -u = -1 + 6, -2*x - 4*u = 28. Let r = -4 - x. Suppose r = 5*c - c - 220. Is c a prime number?
False
Is (-1)/33*3*-1022857 composite?
False
Suppose -2*s - 3141 = -3*n, -2*s + 6 + 0 = 0. Is n composite?
False
Let c(a) = -2*a**3 - 35*a**2 - 51*a + 30. Is c(-23) a prime number?
False
Let b be 0 - 1 - (3 - 7). Suppose 0 = b*a - 0*a - 177. Is a prime?
True
Let b(s) = 2745*s - 308. Is b(13) prime?
False
Let y(a) = -87*a**3 - 10*a - 3 + 88*a**3 - 8*a**2 + 16. Let u be y(9). Suppose 0*b = -u*b + 1004. Is b prime?
True
Suppose 0*v + 18 = v. Let p = 11 - v. Let r(t) = -44*t - 17. Is r(p) composite?
True
Suppose 0*n = 5*n + 70. Let v = n - -17. Suppose -2*u + 290 = 5*a - 0*a, -v*u + 445 = 5*a. Is u a prime number?
False
Is (19174/14)/(6 - (-164)/(-28)) a prime number?
True
Let d = -7 - -12. Suppose 156 - 2431 = -d*m. Suppose m = 2*z + z - 5*b, -3*b + 6 = 0. Is z prime?
False
Suppose -41*p + 10 = -40*p. Suppose 8*w = p*w - 8566. Is w composite?
False
Let y be 1*(-16)/((-4)/1). Suppose 11 = y*m + 3. Suppose 0 = m*p - p - 89. Is p composite?
False
Suppose 2*o - 6 = 2*v, 0 = 3*o + 3*v - 24 + 3. Suppose o*c + 10 = 0, 4*u + 2*c = 1 + 7. Suppose 5*f - d + 5*d - 19 = 0, -12 = u*d. Is f prime?
True
Suppose 0 = -2*l - 2*b - 10, 4*l + 6 = -2*b - 4. Suppose u = 5*u + 20, h - u + 160 = l. Let s = 334 + h. Is s a prime number?
False
Suppose 19*t = 26*t - 59507. Is t a composite number?
False
Suppose 0 = -2*f + 4*d - 128, 3*d - 104 - 209 = 5*f. Let p = 279 - f. Is p prime?
False
Is 2/9 + 4451900/180 prime?
True
Suppose -32*o + 24966 = -29*o. Suppose -7*x + x = -o. Is x composite?
True
Let a be 1 + 32/112 + (-19066)/(-7). Suppose -9*p = -14*p + a. Is p prime?
False
Let c(x) be the third derivative of x**5/30 - 11*x**4/24 + 11*x**3/6 - 5*x**2. Is c(8) a composite number?
True
Let v be (40/12)/(1*4/6). Suppose -3*a = -4*q - 2125, v*a + 0*q - 5*q = 3540. Is a a prime number?
False
Suppose 2*g = 5*w + 563, -11*w + 14*w + 280 = g. Is g a composite number?
True
Let h(l) be the first derivative of l**5/20 + 5*l**4/4 + 3*l**3/2 + 15*l**2/2 - 4*l + 10. Let d(k) be the first derivative of h(k). Is d(-14) prime?
False
Let m = 9896 - 4599. Is m prime?
True
Let b be 68138/(-6) - 28/42. Let z = 19977 + b. Suppose 0 = -4*d + 2*r + z, 5*r = -4*d + 2*d + 4286. Is d prime?
True
Let f(y) = -y - 1. Let m(n) = n**2 - 90. Let c(o) = f(o) - m(o). Suppose 0 = -25*a + 29*a. Is c(a) a prime number?
True
Suppose 3*d + 3*a = 4*a + 10, 3*d + 4*a - 5 = 0. Suppose -r = d*r - 2460. Suppose 2*c - r = -3*c. Is c composite?
True
Suppose 5*q = 26 + 14. Suppose q*n = 9*n - 267. Is n a composite number?
True
Let r = 12 + -7. Suppose 0 = -q + t - 4, -q - t + 5*t = 16. Suppose -r*h + 1717 - 642 = q. Is h composite?
True
Let k(c) = -c**2 - 18*c - 32. Let v be k(-16). Suppose -g + v*g + 683 = 0. Is g a prime number?
True
Suppose 19*c + 4265 = 24*c. Is c a composite number?
False
Let n = 4 + -4. Suppose -2*m + n*m = -2302. Is m a composite number?
False
Suppose -35*b + 40*b = 16935. Is b a composite number?
True
Suppose -5*v = -26*a + 30*a - 73058, 3*a = 5*v + 54811. Is a prime?
False
Is -2 - -10 - (-6592 + -7) a composite number?
False
Suppose -x + 5*x + 480 = 0. Let c(o) = -o**2 + 36